  {"version":"1.0","provider_name":"Abadi\u00f1oko Institutua - Instituto de Abadi\u00f1o","provider_url":"https:\/\/www.iesabadinobhi.com\/es\/","title":"PARTICIPACI\u00d3N EN EUSKADI IRRATI - Abadi\u00f1oko Institutua - Instituto de Abadi\u00f1o","type":"rich","width":600,"height":338,"html":"<blockquote class=\"wp-embedded-content\" data-secret=\"Ub5fcbpSyV\"><a href=\"https:\/\/www.iesabadinobhi.com\/es\/participacion-en-euskadi-irrati\/\">PARTICIPACI\u00d3N EN EUSKADI IRRATI<\/a><\/blockquote><iframe sandbox=\"allow-scripts\" security=\"restricted\" src=\"https:\/\/www.iesabadinobhi.com\/es\/participacion-en-euskadi-irrati\/embed\/#?secret=Ub5fcbpSyV\" width=\"600\" height=\"338\" title=\"\u00abPARTICIPACI\u00d3N EN EUSKADI IRRATI\u00bb \u2014 Abadi\u00f1oko Institutua - Instituto de Abadi\u00f1o\" data-secret=\"Ub5fcbpSyV\" frameborder=\"0\" marginwidth=\"0\" marginheight=\"0\" scrolling=\"no\" class=\"wp-embedded-content\"><\/iframe><script type=\"text\/javascript\">\n\/* <![CDATA[ *\/\n\/*! This file is auto-generated *\/\n!function(d,l){\"use strict\";l.querySelector&&d.addEventListener&&\"undefined\"!=typeof URL&&(d.wp=d.wp||{},d.wp.receiveEmbedMessage||(d.wp.receiveEmbedMessage=function(e){var t=e.data;if((t||t.secret||t.message||t.value)&&!\/[^a-zA-Z0-9]\/.test(t.secret)){for(var s,r,n,a=l.querySelectorAll('iframe[data-secret=\"'+t.secret+'\"]'),o=l.querySelectorAll('blockquote[data-secret=\"'+t.secret+'\"]'),c=new RegExp(\"^https?:$\",\"i\"),i=0;i<o.length;i++)o[i].style.display=\"none\";for(i=0;i<a.length;i++)s=a[i],e.source===s.contentWindow&&(s.removeAttribute(\"style\"),\"height\"===t.message?(1e3<(r=parseInt(t.value,10))?r=1e3:~~r<200&&(r=200),s.height=r):\"link\"===t.message&&(r=new URL(s.getAttribute(\"src\")),n=new URL(t.value),c.test(n.protocol))&&n.host===r.host&&l.activeElement===s&&(d.top.location.href=t.value))}},d.addEventListener(\"message\",d.wp.receiveEmbedMessage,!1),l.addEventListener(\"DOMContentLoaded\",function(){for(var e,t,s=l.querySelectorAll(\"iframe.wp-embedded-content\"),r=0;r<s.length;r++)(t=(e=s[r]).getAttribute(\"data-secret\"))||(t=Math.random().toString(36).substring(2,12),e.src+=\"#?secret=\"+t,e.setAttribute(\"data-secret\",t)),e.contentWindow.postMessage({message:\"ready\",secret:t},\"*\")},!1)))}(window,document);\n\/\/# sourceURL=https:\/\/www.iesabadinobhi.com\/wp-includes\/js\/wp-embed.min.js\n\/* ]]> *\/\n<\/script>\n","thumbnail_url":"https:\/\/www.iesabadinobhi.com\/wp-content\/uploads\/2025\/06\/euskadi_irratia_promo.jpg","thumbnail_width":1920,"thumbnail_height":1080,"description":"El 19 de de junio el IES ABADI\u00d1O particip\u00f3 en Radio Euskadi para hablar de la atenci\u00f3n emocional que se ofrece al alumnado. La grabaci\u00f3n fue hecha en directo desde la sala de refugio. Aqu\u00ed ten\u00e9is la grabaci\u00f3n completa as\u00ed como el trozo en el que participamos. Enlace del programa&nbsp;&hellip;"}

Abadiñoko Institutua - Instituto de Abadiño

PARTICIPACIÓN EN EUSKADI IRRATI - Abadiñoko Institutua - Instituto de Abadiño

<blockquote class="wp-embedded-content" data-secret="Ub5fcbpSyV"><a href="https://www.iesabadinobhi.com/es/participacion-en-euskadi-irrati/">PARTICIPACIÓN EN EUSKADI IRRATI</a></blockquote><iframe sandbox="allow-scripts" security="restricted" src="https://www.iesabadinobhi.com/es/participacion-en-euskadi-irrati/embed/#?secret=Ub5fcbpSyV" width="600" height="338" title="«PARTICIPACIÓN EN EUSKADI IRRATI» — Abadiñoko Institutua - Instituto de Abadiño" data-secret="Ub5fcbpSyV" frameborder="0" marginwidth="0" marginheight="0" scrolling="no" class="wp-embedded-content"></iframe><script type="text/javascript">
/* <![CDATA[ */
/*! This file is auto-generated */
!function(d,l){"use strict";l.querySelector&&d.addEventListener&&"undefined"!=typeof URL&&(d.wp=d.wp||{},d.wp.receiveEmbedMessage||(d.wp.receiveEmbedMessage=function(e){var t=e.data;if((t||t.secret||t.message||t.value)&&!/[^a-zA-Z0-9]/.test(t.secret)){for(var s,r,n,a=l.querySelectorAll('iframe[data-secret="'+t.secret+'"]'),o=l.querySelectorAll('blockquote[data-secret="'+t.secret+'"]'),c=new RegExp("^https?:$","i"),i=0;i<o.length;i++)o[i].style.display="none";for(i=0;i<a.length;i++)s=a[i],e.source===s.contentWindow&&(s.removeAttribute("style"),"height"===t.message?(1e3<(r=parseInt(t.value,10))?r=1e3:~~r<200&&(r=200),s.height=r):"link"===t.message&&(r=new URL(s.getAttribute("src")),n=new URL(t.value),c.test(n.protocol))&&n.host===r.host&&l.activeElement===s&&(d.top.location.href=t.value))}},d.addEventListener("message",d.wp.receiveEmbedMessage,!1),l.addEventListener("DOMContentLoaded",function(){for(var e,t,s=l.querySelectorAll("iframe.wp-embedded-content"),r=0;r<s.length;r++)(t=(e=s[r]).getAttribute("data-secret"))||(t=Math.random().toString(36).substring(2,12),e.src+="#?secret="+t,e.setAttribute("data-secret",t)),e.contentWindow.postMessage({message:"ready",secret:t},"*")},!1)))}(window,document);
//# sourceURL=https://www.iesabadinobhi.com/wp-includes/js/wp-embed.min.js
/* ]]> */
</script>

El 19 de de junio el IES ABADIÑO participó en Radio Euskadi para hablar de la atención emocional que se ofrece al alumnado. La grabación fue hecha en directo desde la sala de refugio. Aquí tenéis la grabación completa así como el trozo en el que participamos. Enlace del programa&nbsp;&hellip;
