  {"version":"1.0","provider_name":"Abadi\u00f1oko Institutua - Instituto de Abadi\u00f1o","provider_url":"https:\/\/www.iesabadinobhi.com\/es\/","title":"8 de marzo - d\u00eda internacional de las mujeres - Abadi\u00f1oko Institutua - Instituto de Abadi\u00f1o","type":"rich","width":600,"height":338,"html":"<blockquote class=\"wp-embedded-content\" data-secret=\"n3CLcKa3vo\"><a href=\"https:\/\/www.iesabadinobhi.com\/es\/8-de-marzo-dia-internacional-de-las-mujeres\/\">8 de marzo &#8211; d\u00eda internacional de las mujeres<\/a><\/blockquote><iframe sandbox=\"allow-scripts\" security=\"restricted\" src=\"https:\/\/www.iesabadinobhi.com\/es\/8-de-marzo-dia-internacional-de-las-mujeres\/embed\/#?secret=n3CLcKa3vo\" width=\"600\" height=\"338\" title=\"\u00ab8 de marzo &#8211; d\u00eda internacional de las mujeres\u00bb \u2014 Abadi\u00f1oko Institutua - Instituto de Abadi\u00f1o\" data-secret=\"n3CLcKa3vo\" frameborder=\"0\" marginwidth=\"0\" marginheight=\"0\" scrolling=\"no\" class=\"wp-embedded-content\"><\/iframe><script type=\"text\/javascript\">\n\/* <![CDATA[ *\/\n\/*! This file is auto-generated *\/\n!function(d,l){\"use strict\";l.querySelector&&d.addEventListener&&\"undefined\"!=typeof URL&&(d.wp=d.wp||{},d.wp.receiveEmbedMessage||(d.wp.receiveEmbedMessage=function(e){var t=e.data;if((t||t.secret||t.message||t.value)&&!\/[^a-zA-Z0-9]\/.test(t.secret)){for(var s,r,n,a=l.querySelectorAll('iframe[data-secret=\"'+t.secret+'\"]'),o=l.querySelectorAll('blockquote[data-secret=\"'+t.secret+'\"]'),c=new RegExp(\"^https?:$\",\"i\"),i=0;i<o.length;i++)o[i].style.display=\"none\";for(i=0;i<a.length;i++)s=a[i],e.source===s.contentWindow&&(s.removeAttribute(\"style\"),\"height\"===t.message?(1e3<(r=parseInt(t.value,10))?r=1e3:~~r<200&&(r=200),s.height=r):\"link\"===t.message&&(r=new URL(s.getAttribute(\"src\")),n=new URL(t.value),c.test(n.protocol))&&n.host===r.host&&l.activeElement===s&&(d.top.location.href=t.value))}},d.addEventListener(\"message\",d.wp.receiveEmbedMessage,!1),l.addEventListener(\"DOMContentLoaded\",function(){for(var e,t,s=l.querySelectorAll(\"iframe.wp-embedded-content\"),r=0;r<s.length;r++)(t=(e=s[r]).getAttribute(\"data-secret\"))||(t=Math.random().toString(36).substring(2,12),e.src+=\"#?secret=\"+t,e.setAttribute(\"data-secret\",t)),e.contentWindow.postMessage({message:\"ready\",secret:t},\"*\")},!1)))}(window,document);\n\/\/# sourceURL=https:\/\/www.iesabadinobhi.com\/wp-includes\/js\/wp-embed.min.js\n\/* ]]> *\/\n<\/script>\n","thumbnail_url":"https:\/\/www.iesabadinobhi.com\/wp-content\/uploads\/2020\/01\/ocho_marzo.jpg","thumbnail_width":443,"thumbnail_height":640,"description":"\u00bfQUI\u00c9N CUIDA? HAG\u00c1MOSLO VISIBLE. HAGAMOS NUESTRA PARTE. La necesidad de poner el cuidado en el centro es una de las grandes reivindicaciones del feminismo, y, asimismo, la necesidad de valorar los cuidados y repartirlos equitativamente es un objetivo recogido en distintos marcos program\u00e1ticos."}

Abadiñoko Institutua - Instituto de Abadiño

8 de marzo - día internacional de las mujeres - Abadiñoko Institutua - Instituto de Abadiño

<blockquote class="wp-embedded-content" data-secret="n3CLcKa3vo"><a href="https://www.iesabadinobhi.com/es/8-de-marzo-dia-internacional-de-las-mujeres/">8 de marzo &#8211; día internacional de las mujeres</a></blockquote><iframe sandbox="allow-scripts" security="restricted" src="https://www.iesabadinobhi.com/es/8-de-marzo-dia-internacional-de-las-mujeres/embed/#?secret=n3CLcKa3vo" width="600" height="338" title="«8 de marzo &#8211; día internacional de las mujeres» — Abadiñoko Institutua - Instituto de Abadiño" data-secret="n3CLcKa3vo" frameborder="0" marginwidth="0" marginheight="0" scrolling="no" class="wp-embedded-content"></iframe><script type="text/javascript">
/* <![CDATA[ */
/*! This file is auto-generated */
!function(d,l){"use strict";l.querySelector&&d.addEventListener&&"undefined"!=typeof URL&&(d.wp=d.wp||{},d.wp.receiveEmbedMessage||(d.wp.receiveEmbedMessage=function(e){var t=e.data;if((t||t.secret||t.message||t.value)&&!/[^a-zA-Z0-9]/.test(t.secret)){for(var s,r,n,a=l.querySelectorAll('iframe[data-secret="'+t.secret+'"]'),o=l.querySelectorAll('blockquote[data-secret="'+t.secret+'"]'),c=new RegExp("^https?:$","i"),i=0;i<o.length;i++)o[i].style.display="none";for(i=0;i<a.length;i++)s=a[i],e.source===s.contentWindow&&(s.removeAttribute("style"),"height"===t.message?(1e3<(r=parseInt(t.value,10))?r=1e3:~~r<200&&(r=200),s.height=r):"link"===t.message&&(r=new URL(s.getAttribute("src")),n=new URL(t.value),c.test(n.protocol))&&n.host===r.host&&l.activeElement===s&&(d.top.location.href=t.value))}},d.addEventListener("message",d.wp.receiveEmbedMessage,!1),l.addEventListener("DOMContentLoaded",function(){for(var e,t,s=l.querySelectorAll("iframe.wp-embedded-content"),r=0;r<s.length;r++)(t=(e=s[r]).getAttribute("data-secret"))||(t=Math.random().toString(36).substring(2,12),e.src+="#?secret="+t,e.setAttribute("data-secret",t)),e.contentWindow.postMessage({message:"ready",secret:t},"*")},!1)))}(window,document);
//# sourceURL=https://www.iesabadinobhi.com/wp-includes/js/wp-embed.min.js
/* ]]> */
</script>

¿QUIÉN CUIDA? HAGÁMOSLO VISIBLE. HAGAMOS NUESTRA PARTE. La necesidad de poner el cuidado en el centro es una de las grandes reivindicaciones del feminismo, y, asimismo, la necesidad de valorar los cuidados y repartirlos equitativamente es un objetivo recogido en distintos marcos programáticos.
